1 + l**2 - 2*l**2. Let a(k) = -5*f(k) + 6*y(k). What is a(q)?
-8
Let b = -326 + 321. Let v(s) = s**3 + 5*s**2 + 4*s + 4. Determine v(b).
-16
Let z(x) be the third derivative of -x**5/60 - x**4/4 - 5*x**3/6 - 97*x**2. Give z(-6).
-5
Let o(y) be the first derivative of -y**2/2 + 6*y + 30. Let r = 37 - 31. What is o(r)?
0
Let g(a) = -a**2 + 5*a - 3. Suppose -3*t = 21 - 6. Let v(x) be the third derivative of x**6/120 + x**5/12 - x**4/12 - x**3 - 4*x**2. Let b be v(t). Give g(b).
1
Suppose -3*t - 5*v - 88 = 16, 2*t + 5*v + 61 = 0. Let j = t + 39. Let y(c) be the first derivative of -c**4/4 - 4*c**3/3 - 3*c**2/2 + 2*c - 2. Give y(j).
14
Suppose -570*g + 573*g = -45. Let b(p) = p**2 + 18*p + 12. Determine b(g).
-33
Let x(c) = -10*c**2 + 4*c - 60. Let j(p) = -3*p**2 + p - 20. Let w(u) = -7*j(u) + 2*x(u). Give w(0).
20
Let m(w) be the third derivative of -w**4/8 + 2*w**3/3 - 21*w**2 + 2. Give m(4).
-8
Let k = -377 - -358. Let h(j) = 2*j + 40. Calculate h(k).
2
Let m be ((-4)/5)/((-2)/10). Let f(r) be the second derivative of -r**3/6 + r**2 + 2*r + 8. Let h(n) = -2. Let w(x) = f(x) - h(x). Determine w(m).
0
Let o(a) = -2*a - 7. Let f(z) = -2*z**3 + 20*z**2 - 6. Let y(q) = 10*q**2. Let v be y(1). Let r be f(v). Determine o(r).
5
Let h(p) = -5*p**3 - 10*p**2 - 5*p - 11. Let c(w) = -7*w**3 - 12*w**2 - 5*w - 11. Let u(s) = -2*c(s) + 3*h(s). What is u(-5)?
-11
Let f(r) = -6*r - 3*r**2 + 12*r**2 + 6 - 6*r**2 - 2*r**2. Suppose -2*z + 9 + 1 = 0. Let m = 11 - z. Determine f(m).
6
Let s(q) = 8*q + 8*q - 1 - 14*q + 4*q**2. Determine s(1).
5
Let k = -107 + 109. Let a(z) = 18*z**k + 8*z - 2*z + 3 - 19*z**2. Determine a(7).
-4
Let b = -111 - -240. Let h(v) = 128*v - b*v - 3 - 3. Determine h(-9).
3
Let c(g) be the second derivative of -13*g + 0 + 1/3*g**3 - 2*g**2. Let t = -8 + 14. Calculate c(t).
8
Let n(t) = -t + 1. Let a(s) = 2*s - 5. Let j be 3*2*(-1)/2. Let i(b) = j*n(b) - a(b). Suppose 6*c - 19 = -1. Calculate i(c).
5
Suppose -20*p + 26 = -14. Let v(r) be the first derivative of -2 + 1/2*r**4 - 1/3*r**3 + r + 0*r**p. What is v(-1)?
-2
Let b(g) = -4*g + 55. Let t be b(24). Let l = t - -45. Let x(f) = -f**3 + 4*f**2 - f + 4. What is x(l)?
0
Let s(d) = 5*d**2 - d + 1. Let j = -49 - -42. Let n = -6 - j. Determine s(n).
5
Let x(y) = -2*y + 6. Let d(i) be the third derivative of -i**6/120 + i**5/60 - i**4/6 + i**3/2 - i**2. Let r be d(2). Let q = -4 - r. Give x(q).
-4
Let f(t) = -2*t**2 - t**3 + 4*t - 6*t - t - 1. Suppose -442*r + 107 = 1433. Give f(r).
17
Let g(n) be the second derivative of n**5/20 - n**4/4 - 5*n**3/6 - 3*n**2/2 + 407*n. What is g(4)?
-7
Let v(b) be the first derivative of -b**4/4 - 2*b**3 - b**2 + 6*b - 9. Determine v(-6).
18
Let c = -46 - -46. Suppose c = -5*f - 35 + 10. Let j(d) = -d**3 - d**2 + 3*d + 2. Let x(z) = 2*z**3 + z**2 - 7*z - 5. Let p(m) = -9*j(m) - 4*x(m). Give p(f).
-3
Let x(o) = 2*o**3 + o**2 + 30. Let n be (-15)/(-60)*(-1 + 1). Give x(n).
30
Let i(d) be the second derivative of 11*d**3/6 - d**2 + 118*d. Give i(-2).
-24
Let q(b) = -b**2 + 3*b + 6. Let o(p) = -p**2 - 7*p - 4. Let t be ((-8)/(-6))/(4/(-30)). Let g be 4/32*4*t. Let a be o(g). What is q(a)?
-12
Let w = 0 + -2. Let t(b) = -b**3 + 32049*b**2 - 32048*b**2 + 0 + 0 + 2*b. Calculate t(w).
8
Let o be (1/2*0)/4. Let w(t) = -t**3 - t**2 + 45. Determine w(o).
45
Let s(w) = w. Let z be 15/6 + (-1)/(-2). Suppose -4*x + 42 = -z*q + 8, -2*x = 2*q + 4. Determine s(q).
-6
Let r(h) = h**3 - 4*h + 10*h + 9 - 7*h. Let m be (3 + -4 - -1)*1. Give r(m).
9
Let u(h) = h**2 - 9*h. Let n(a) = 3*a**2 + 55*a + 25. Let w be n(-18). What is u(w)?
-14
Let m(k) = -k**2 - k + 2. Let g be 0/(-1) + -18 + -2. Let o be (3 + 75/g)*4. Determine m(o).
-4
Let m(z) be the first derivative of 7*z**4/4 + z**2/2 - z + 53. Determine m(1).
7
Suppose 0 = 56*h - 119*h - 819. Let v(n) = n. Give v(h).
-13
Let x(z) = z**3 + 7*z**2 - 2*z - 7. Let k = 31 + -21. Let i(c) = -2*c + 13. Let h be i(k). Determine x(h).
7
Let m(s) = -2*s**2 - 5*s - 1. Suppose -6 = -14*c + 17*c. Determine m(c).
1
Let c(k) = 14*k + 1. Let o(l) = -43*l + 1. Let t be o(1). Let g = 43 + t. Determine c(g).
15
Let m(h) = -6*h. Let y be m(1). Let s(b) = 7*b**2 - b**3 - 17*b - 4*b**3 + 23*b + 6*b**3 + 1 + 1. What is s(y)?
2
Suppose -184 = 27*m - 4*m. Let p(d) = -d**2 - 10*d - 8. Determine p(m).
8
Suppose -5*h - 2*r + 16 = 0, 5*r = -30*h + 35*h - 30. Let p(t) = -t**2 + 6*t - 3. What is p(h)?
5
Let m be 2 + -2 + 0 - -6. Let j(f) = -3*f - 15. Let l(r) = 4*r + 17. Let w(b) = 5*j(b) + 4*l(b). Give w(m).
-1
Let a(f) = f - 2. Let g be a(7). Suppose 8*r + g = 3*r. Let x(n) = -n + 5*n**2 - n**2 + 6*n**2. Calculate x(r).
11
Let b(o) be the first derivative of -31 - 3*o + 1/2*o**2. What is b(-5)?
-8
Let q(u) = -24*u + 903. Let d(x) = 6*x - 219. Let w(b) = -33*d(b) - 8*q(b). Let g be (6 + -3)*-1*1. Calculate w(g).
21
Let w(a) = -a**3 - 7*a**2 + 3*a + 11. Let y(s) = -s**3 + s**2 + 2*s. Let l(h) = w(h) - 2*y(h). Calculate l(9).
2
Suppose -4*i - 3*m = -2*i - 3, 5*m + 27 = 2*i. Let a(c) be the first derivative of c**4/4 - 7*c**3/3 + 4*c**2 + c + 36. What is a(i)?
13
Let c(w) be the second derivative of w**6/360 - 23*w**4/24 - w**3/6 - 5*w. Let n(a) be the second derivative of c(a). Determine n(0).
-23
Suppose 1 = d - 2. Let w = d - 3. Let t(g) = -5*g - 5. Let j(q) = 9*q + 10. Let s(a) = 4*j(a) + 7*t(a). What is s(w)?
5
Let v(c) be the second derivative of -1/6*c**3 + 0 + c + 1/8*c**4 - 2*c**2. Let q(y) be the first derivative of v(y). Determine q(-2).
-7
Let k(h) = h**2 + 3*h - 3. Suppose 4*d = 4*g - 16, d = -3*g - d + 2. Calculate k(g).
7
Let o(k) be the second derivative of -3*k**5/20 - k**4/6 + k**3/2 + 3*k**2/2 - 28*k. Give o(-2).
13
Let a(p) = p**2 + 26*p - 84. Let u be a(-29). Let z(b) = 1 - b**3 - 3 + b**2 + 5*b - 1. Give z(u).
-6
Let k(h) = 265*h**3 - 131*h**3 - 7*h**2 - 135*h**3 + 10 - 5*h. Determine k(-6).
4
Let z(q) be the second derivative of 0 - 1/2*q**4 - 1/3*q**3 + 3*q - 1/20*q**5 - 7/2*q**2. Calculate z(-6).
5
Let b(d) = -11*d**3 - 15*d**2 - 17*d + 12. Let u(v) = -4*v**3 - 5*v**2 - 6*v + 4. Let k(n) = -3*b(n) + 8*u(n). Calculate k(-4).
0
Let h be 2/(-1)*(-6)/4. Suppose 5*v + 126 - 121 = 0. Let c be h - (v + (-2)/(-1)). Let d(o) = o**2 - 4*o + 3. Give d(c).
-1
Let q(z) = -5*z**2 - z. Let c(o) = -4*o**2 - 37*o - 10. Let x be c(-9). Calculate q(x).
-4
Let n be (9/(-6))/(-1)*-2. Let v(i) be the second derivative of -i**4/12 + 2*i**3/3 + 2*i**2 + 2*i - 84. What is v(n)?
-17
Suppose -4*r + 1 = 5. Let w(b) = -61 + 9*b**2 + 21 + 20 + 20. Calculate w(r).
9
Let s(g) be the third derivative of -7*g**4/12 + g**3/6 + 5*g**2 - 23*g. Let z = -20 - -21. What is s(z)?
-13
Suppose 36*w + 1720 = 1792. Let v(r) = 11*r - 1. Let u(g) = 12*g - 1. Let f(q) = -2*u(q) + 3*v(q). Calculate f(w).
17
Let w(h) = -h**3 - h**2 + h + 1. Let z(t) = 3*t**3 + 9*t**2 - 5*t - 1. Let x(k) = -5*w(k) - z(k). Let d = 125 + -122. Calculate x(d).
14
Suppose 93 = -4*s - 3*q, -2 = s + q + 22. Let j be ((-84)/9)/(7/s). Let p(f) = -2*f**2 - j*f - 1 - 6*f**3 + f**2 + 30*f. Give p(1).
-6
Let q(z) = 2*z**2 + 3*z - 2. Let a be (1/(2/34))/(-1). Let c = 13 + a. Let d be 2 + c + 0 - -4. Calculate q(d).
12
Let n(z) = 4*z. Suppose s + 10 - 12 = 0. Suppose -6 = -5*p + s*b - 1, 2*p + 5*b - 2 = 0. Determine n(p).
4
Let j(c) = 2*c**2 - c. Let n(d) = -2*d - 11. Let a be n(12). Let v = a + 37. Give j(v).
6
Let p(y) = 2*y - 113*y**2 + 233*y**2 - 115*y**2 - y**3 - 3. Calculate p(5).
7
Let v(o) be the second derivative of -o**5/10 + o**4/4 + o**3/3 + 3*o**2/2 - 21*o. Calculate v(3).
-18
Let s(d) = 5*d**2 - d + 2. Let t = 1065 + -1062. Give s(t).
44
Let r(o) = -o**3 + 5*o**2 + 8*o + 1. Let d be r(6). Suppose -16*m = -d*m - 6. Let g(b) = -b**3 - 2*b**2 + 2*b - 2. What is g(m)?
-14
Let v(j) = -2*j**2 + 7*j + 8. Let m(g) = -9*g**2 + g + 15. Let y(l) = -l**2 - l + 1. Let i(t) = -m(t) + 6*y(t). Let p(f) = 4*i(f) + 5*v(f). What is p(-4)?
8
Let v(j) = -5*j**3 + 29*j**2 - 19*j - 10. Let s(k) = 11*k**3 - 61*k**2 + 39*k + 19. Let b(m) = -6*s(m) - 13*v(m). What is b(-12)?
4
Let u(h) = h**3 - 2*h**2 - 2*h. Suppose 3*r = -2*w + 2 + 8, 22 = 5*r + 2*w. Suppose -4*v + 18 = r. Calculate u(v).
3
Let j(m) = m - 3*m - 1 - 1. Let b(c) = -3*c - 43. Let f be b(-13). What is j(f)?
6
Let a(j) = 3*j**2 + 10*j - 11. Let v(s) = -s + 1. Let u(b)